{"id":14007,"date":"2025-04-17T15:28:37","date_gmt":"2025-04-17T15:28:37","guid":{"rendered":"https:\/\/www.bleu-roy.com\/?post_type=product&#038;p=14007"},"modified":"2025-11-30T18:46:45","modified_gmt":"2025-11-30T18:46:45","slug":"gastro-protect","status":"publish","type":"product","link":"https:\/\/www.bleu-roy.com\/nl\/product\/gastro-protect\/","title":{"rendered":"Gastro Protect"},"content":{"rendered":"","protected":false},"excerpt":{"rendered":"<p><em><strong>Disponible uniquement en Belgique.<\/strong><\/em><\/p>\n<p class=\"cart\">Votre cheval est sujet aux ulc\u00e8res gastriques ou est sensible de l\u2019estomac ? Notre Gastro Protect est un aliment adapt\u00e9 au soutien gastro-intestinal des chevaux sensibles. Son taux de sucre est faible (inf\u00e9rieur \u00e0 3%) et nous avons travaill\u00e9 avec des sources d\u2019amidon sp\u00e9cifiques n\u2019ayant aucun impact sur l\u2019acidit\u00e9 dans l\u2019estomac afin de conserver un apport \u00e9nerg\u00e9tique de qualit\u00e9 et suffisant au travail et au sport.<\/p>\n<p data-start=\"42\" data-end=\"63\"><strong data-start=\"46\" data-end=\"61\">Points forts:<br \/>\n<\/strong>&#8211; Il limite les risques de probl\u00e8mes gastriques tout en apportant l\u2019\u00e9nergie n\u00e9cessaire au cheval en activit\u00e9, m\u00eame tr\u00e8s intense.<br \/>\n&#8211; Il neutralise les exc\u00e8s d\u2019acidit\u00e9 et en prot\u00e8ge les parois de l\u2019estomac.<\/p>\n<p class=\"p1\"><strong>Bleu-Roy Gastro Protect convient particuli\u00e8rement:<\/strong><br \/>\n&#8211; Au cheval \u00e0 l\u2019activit\u00e9 mod\u00e9r\u00e9e \u00e0 intense et au syst\u00e8me gastro-intestinal fragilis\u00e9.<br \/>\n&#8211; Au cheval souffrant d\u2019ulc\u00e8res gastriques.<\/p>\n<p class=\"p1\"><strong>L&rsquo;astuce Bleu-Roy?<\/strong><br \/>\nPeut id\u00e9alement \u00eatre compl\u00e9ment\u00e9 par notre\u00a0<u><a href=\"https:\/\/www.bleu-roy.com\/nl\/product\/b-gastromix\/\">B-Gastromix<\/a><\/u><em>.\u00a0<\/em>Ce compl\u00e9ment \u00e0 base notamment de fenugrec et d\u2019argiles pr\u00e9vient la r\u00e9apparition des ulc\u00e8res gastriques principalement lors de comp\u00e9titions ou d\u2019\u00e9v\u00e8nements susceptibles de causer du stress \u00e0 votre cheval.<br \/>\nBesoin d&rsquo;un aliment tr\u00e8s pauvre en amidon et en sucres? D\u00e9couvre <a href=\"https:\/\/www.bleu-roy.com\/nl\/product\/sans-cereales\/\">Bleu-<\/a><a href=\"https:\/\/www.bleu-roy.com\/nl\/product\/sans-cereales\/\">Roy Sans C\u00e9r\u00e9ales<\/a>, avec un taux de seulement 6% de sucres et amidon cumul\u00e9s !<\/p>\n<p><strong>Infos &amp; commandes:<\/strong> info@bleu-roy.be &#8211; +32 494 15 44 06<\/p>","protected":false},"featured_media":14009,"comment_status":"open","ping_status":"closed","template":"","meta":[],"product_brand":[],"product_cat":[185,186],"product_tag":[187,189,188,127,125],"class_list":{"0":"post-14007","1":"product","2":"type-product","3":"status-publish","4":"has-post-thumbnail","6":"product_cat-aliments","7":"product_cat-digestion-ulceres-aliments","8":"product_tag-aliments","9":"product_tag-amidon","10":"product_tag-cereales","11":"product_tag-digestion","12":"product_tag-ulceres","14":"first","15":"instock","16":"taxable","17":"shipping-taxable","18":"product-type-external"},"_links":{"self":[{"href":"https:\/\/www.bleu-roy.com\/nl\/wp-json\/wp\/v2\/product\/14007","targetHints":{"allow":["GET"]}}],"collection":[{"href":"https:\/\/www.bleu-roy.com\/nl\/wp-json\/wp\/v2\/product"}],"about":[{"href":"https:\/\/www.bleu-roy.com\/nl\/wp-json\/wp\/v2\/types\/product"}],"replies":[{"embeddable":true,"href":"https:\/\/www.bleu-roy.com\/nl\/wp-json\/wp\/v2\/comments?post=14007"}],"wp:featuredmedia":[{"embeddable":true,"href":"https:\/\/www.bleu-roy.com\/nl\/wp-json\/wp\/v2\/media\/14009"}],"wp:attachment":[{"href":"https:\/\/www.bleu-roy.com\/nl\/wp-json\/wp\/v2\/media?parent=14007"}],"wp:term":[{"taxonomy":"product_brand","embeddable":true,"href":"https:\/\/www.bleu-roy.com\/nl\/wp-json\/wp\/v2\/product_brand?post=14007"},{"taxonomy":"product_cat","embeddable":true,"href":"https:\/\/www.bleu-roy.com\/nl\/wp-json\/wp\/v2\/product_cat?post=14007"},{"taxonomy":"product_tag","embeddable":true,"href":"https:\/\/www.bleu-roy.com\/nl\/wp-json\/wp\/v2\/product_tag?post=14007"}],"curies":[{"name":"wp","href":"https:\/\/api.w.org\/{rel}","templated":true}]}}

<p><em><strong>Disponible uniquement en Belgique.</strong></em></p>
<p class="cart">Votre cheval est sujet aux ulcères gastriques ou est sensible de l’estomac ? Notre Gastro Protect est un aliment adapté au soutien gastro-intestinal des chevaux sensibles. Son taux de sucre est faible (inférieur à 3%) et nous avons travaillé avec des sources d’amidon spécifiques n’ayant aucun impact sur l’acidité dans l’estomac afin de conserver un apport énergétique de qualité et suffisant au travail et au sport.</p>
<p data-start="42" data-end="63"><strong data-start="46" data-end="61">Points forts:<br />
</strong>&#8211; Il limite les risques de problèmes gastriques tout en apportant l’énergie nécessaire au cheval en activité, même très intense.<br />
&#8211; Il neutralise les excès d’acidité et en protège les parois de l’estomac.</p>
<p class="p1"><strong>Bleu-Roy Gastro Protect convient particulièrement:</strong><br />
&#8211; Au cheval à l’activité modérée à intense et au système gastro-intestinal fragilisé.<br />
&#8211; Au cheval souffrant d’ulcères gastriques.</p>
<p class="p1"><strong>L&rsquo;astuce Bleu-Roy?</strong><br />
Peut idéalement être complémenté par notre <u><a href="https://www.bleu-roy.com/nl/product/b-gastromix/">B-Gastromix</a></u><em>. </em>Ce complément à base notamment de fenugrec et d’argiles prévient la réapparition des ulcères gastriques principalement lors de compétitions ou d’évènements susceptibles de causer du stress à votre cheval.<br />
Besoin d&rsquo;un aliment très pauvre en amidon et en sucres? Découvre <a href="https://www.bleu-roy.com/nl/product/sans-cereales/">Bleu-</a><a href="https://www.bleu-roy.com/nl/product/sans-cereales/">Roy Sans Céréales</a>, avec un taux de seulement 6% de sucres et amidon cumulés !</p>
<p><strong>Infos &amp; commandes:</strong> info@bleu-roy.be &#8211; +32 494 15 44 06</p>
