{"id":13590,"date":"2025-01-21T12:56:42","date_gmt":"2025-01-21T12:56:42","guid":{"rendered":"https:\/\/bleuroy2.nelty.dev\/?post_type=product&#038;p=13590"},"modified":"2026-04-13T14:05:46","modified_gmt":"2026-04-13T14:05:46","slug":"b-flore","status":"publish","type":"product","link":"https:\/\/www.bleu-roy.com\/nl\/product\/b-flore\/","title":{"rendered":"B-Flore"},"content":{"rendered":"","protected":false},"excerpt":{"rendered":"<p class=\"p1\"><span class=\"s1\">Suppl\u00e9ment en poudre <\/span>riche en <strong>pr\u00e9- et pro-biotiques<\/strong>. Leurs actions combin\u00e9es visent \u00e0 renforcer et stabiliser la <strong>flore intestinale<\/strong> et \u00e0 am\u00e9liorer le <strong>transit<\/strong> du cheval.<\/p>\n<p class=\"p1\"><span class=\"s2\">&#8211; Renforce la flore intestinale du cheval et am\u00e9liore la digestibilit\u00e9 de la ration.<br \/>\n<\/span><span class=\"s2\">&#8211; Am\u00e9liore le transit intestinal et aide \u00e0 la pr\u00e9vention des coliques.<br \/>\n<\/span><span class=\"s2\">&#8211; Aide le cheval maigre \u00e0 reprendre de l\u2019\u00e9tat.<br \/>\n<\/span><span class=\"s2\">&#8211; Soutient le syst\u00e8me digestif lors d\u2019une transition alimentaire, apr\u00e8s un traitement antibiotique, un vermifuge, en cas de diarrh\u00e9es\u2026<\/span><\/p>\n<p><strong>Particuli\u00e8rement recommand\u00e9 pour:<\/strong><br \/>\n&#8211; <span class=\"s2\">Renforcer la flore intestinale.<\/span><span class=\"s2\"><br \/>\n<\/span>&#8211; <span class=\"s2\">Am\u00e9liorer la digestibilit\u00e9 de la ration.<br \/>\n<\/span><span class=\"s2\">&#8211; Aider le cheval maigre \u00e0 reprendre de l\u2019\u00e9tat.<br \/>\n<\/span>&#8211; <span class=\"s2\">Soutenir le syst\u00e8me digestif lors d\u2019une transition alimentaire, apr\u00e8s un traitement antibiotique, un vermifuge, en cas de diarrh\u00e9es\u2026<\/span><\/p>\n<p><strong>Les plus:<br \/>\n<\/strong>&#8211; Apporte plus de vitalit\u00e9 au quotidien.<br \/>\n&#8211; <span class=\"s2\">Am\u00e9liore le transit intestinal et aide \u00e0 la pr\u00e9vention des coliques.<br \/>\n<\/span>&#8211; Les chevaux le mangent tr\u00e8s bien.<\/p>\n<div class=\"page\" title=\"Page 1\">\n<div class=\"section\">\n<div class=\"layoutArea\">\n<div class=\"column\">\n<div class=\"page\" title=\"Page 1\">\n<div class=\"section\">\n<div class=\"layoutArea\">\n<div class=\"column\">\n<div class=\"page\" title=\"Page 1\">\n<div class=\"section\">\n<div class=\"layoutArea\">\n<div class=\"column\">\n<p>Id\u00e9al pour renforcer la flore intestinale, notamment apr\u00e8s un <strong>traitement m\u00e9dicamenteux<\/strong>, ou pour soutenir une <strong>transition alimentaire<\/strong>.<br \/>\nDonne de tr\u00e8s bons r\u00e9sultats sur les chevaux souffrant de selles liquides ou de diarrh\u00e9es chroniques.<\/p>\n<p>Peut \u00eatre donn\u00e9 <strong>en cure<\/strong> ou <strong>en continu<\/strong> suivant les besoins du cheval.<\/p>\n<p>\ud83d\udca1 <strong><em>L&rsquo;astuce Bleu-Roy:<\/em> <\/strong>Votre cheval est sensible du <a href=\"https:\/\/www.bleu-roy.com\/nl\/digestion-ulceres-2\/\">syst\u00e8me digestif<\/a>? Pensez \u00e0 notre aliment <a href=\"https:\/\/www.bleu-roy.com\/nl\/product\/gastro-protect\/\">Gastro Protect<\/a> pour lui apporter plus de confort.<\/p>\n<\/div>\n<\/div>\n<\/div>\n<\/div>\n<\/div>\n<\/div>\n<\/div>\n<\/div>\n<\/div>\n<\/div>\n<\/div>\n<\/div>","protected":false},"featured_media":13517,"comment_status":"open","ping_status":"closed","template":"","meta":[],"product_brand":[],"product_cat":[71],"product_tag":[127,144,145,146],"class_list":{"0":"post-13590","1":"product","2":"type-product","3":"status-publish","4":"has-post-thumbnail","6":"product_cat-digestion-ulceres","7":"product_tag-digestion","8":"product_tag-flore-intestinale","9":"product_tag-pre-biotiques","10":"product_tag-pro-biotiques","12":"first","13":"outofstock","14":"taxable","15":"shipping-taxable","16":"purchasable","17":"product-type-simple"},"_links":{"self":[{"href":"https:\/\/www.bleu-roy.com\/nl\/wp-json\/wp\/v2\/product\/13590","targetHints":{"allow":["GET"]}}],"collection":[{"href":"https:\/\/www.bleu-roy.com\/nl\/wp-json\/wp\/v2\/product"}],"about":[{"href":"https:\/\/www.bleu-roy.com\/nl\/wp-json\/wp\/v2\/types\/product"}],"replies":[{"embeddable":true,"href":"https:\/\/www.bleu-roy.com\/nl\/wp-json\/wp\/v2\/comments?post=13590"}],"wp:featuredmedia":[{"embeddable":true,"href":"https:\/\/www.bleu-roy.com\/nl\/wp-json\/wp\/v2\/media\/13517"}],"wp:attachment":[{"href":"https:\/\/www.bleu-roy.com\/nl\/wp-json\/wp\/v2\/media?parent=13590"}],"wp:term":[{"taxonomy":"product_brand","embeddable":true,"href":"https:\/\/www.bleu-roy.com\/nl\/wp-json\/wp\/v2\/product_brand?post=13590"},{"taxonomy":"product_cat","embeddable":true,"href":"https:\/\/www.bleu-roy.com\/nl\/wp-json\/wp\/v2\/product_cat?post=13590"},{"taxonomy":"product_tag","embeddable":true,"href":"https:\/\/www.bleu-roy.com\/nl\/wp-json\/wp\/v2\/product_tag?post=13590"}],"curies":[{"name":"wp","href":"https:\/\/api.w.org\/{rel}","templated":true}]}}

<p class="p1"><span class="s1">Supplément en poudre </span>riche en <strong>pré- et pro-biotiques</strong>. Leurs actions combinées visent à renforcer et stabiliser la <strong>flore intestinale</strong> et à améliorer le <strong>transit</strong> du cheval.</p>
<p class="p1"><span class="s2">&#8211; Renforce la flore intestinale du cheval et améliore la digestibilité de la ration.<br />
</span><span class="s2">&#8211; Améliore le transit intestinal et aide à la prévention des coliques.<br />
</span><span class="s2">&#8211; Aide le cheval maigre à reprendre de l’état.<br />
</span><span class="s2">&#8211; Soutient le système digestif lors d’une transition alimentaire, après un traitement antibiotique, un vermifuge, en cas de diarrhées…</span></p>
<p><strong>Particulièrement recommandé pour:</strong><br />
&#8211; <span class="s2">Renforcer la flore intestinale.</span><span class="s2"><br />
</span>&#8211; <span class="s2">Améliorer la digestibilité de la ration.<br />
</span><span class="s2">&#8211; Aider le cheval maigre à reprendre de l’état.<br />
</span>&#8211; <span class="s2">Soutenir le système digestif lors d’une transition alimentaire, après un traitement antibiotique, un vermifuge, en cas de diarrhées…</span></p>
<p><strong>Les plus:<br />
</strong>&#8211; Apporte plus de vitalité au quotidien.<br />
&#8211; <span class="s2">Améliore le transit intestinal et aide à la prévention des coliques.<br />
</span>&#8211; Les chevaux le mangent très bien.</p>
<div class="page" title="Page 1">
<div class="section">
<div class="layoutArea">
<div class="column">
<div class="page" title="Page 1">
<div class="section">
<div class="layoutArea">
<div class="column">
<div class="page" title="Page 1">
<div class="section">
<div class="layoutArea">
<div class="column">
<p>Idéal pour renforcer la flore intestinale, notamment après un <strong>traitement médicamenteux</strong>, ou pour soutenir une <strong>transition alimentaire</strong>.<br />
Donne de très bons résultats sur les chevaux souffrant de selles liquides ou de diarrhées chroniques.</p>
<p>Peut être donné <strong>en cure</strong> ou <strong>en continu</strong> suivant les besoins du cheval.</p>
<p>💡 <strong><em>L&rsquo;astuce Bleu-Roy:</em> </strong>Votre cheval est sensible du <a href="https://www.bleu-roy.com/nl/digestion-ulceres-2/">système digestif</a>? Pensez à notre aliment <a href="https://www.bleu-roy.com/nl/product/gastro-protect/">Gastro Protect</a> pour lui apporter plus de confort.</p>
</div>
</div>
</div>
</div>
</div>
</div>
</div>
</div>
</div>
</div>
</div>
</div>
