{"id":13578,"date":"2025-01-21T10:58:24","date_gmt":"2025-01-21T10:58:24","guid":{"rendered":"https:\/\/bleuroy2.nelty.dev\/?post_type=product&#038;p=13578"},"modified":"2025-11-30T18:46:46","modified_gmt":"2025-11-30T18:46:46","slug":"b-balancer","status":"publish","type":"product","link":"https:\/\/www.bleu-roy.com\/nl\/product\/b-balancer\/","title":{"rendered":"B-Balancer"},"content":{"rendered":"","protected":false},"excerpt":{"rendered":"<p class=\"p1\"><span class=\"s2\">Compl\u00e9ment en poudre <strong>min\u00e9ralo-<\/strong><\/span><span class=\"s2\"><strong>vitamin\u00e9 (CMV)<\/strong> de haute qualit\u00e9. Couvre tous les besoins en <strong>sels min\u00e9raux,<a href=\"https:\/\/www.bleu-roy.com\/nl\/blog-vitamines-mineraux\/\"> oligo-\u00e9l\u00e9ments et vitamines<\/a><\/strong> indispensables \u00e0 la bonne sant\u00e9 des chevaux. Il <strong>r\u00e9\u00e9quilibre la ration<\/strong> et compense les <a href=\"https:\/\/www.bleu-roy.com\/nl\/cmv-pour-une-ration-equilibree-complement-mineralo-vitamine\/\"><strong>carences<\/strong><\/a>.\u00a0<\/span><\/p>\n<p><strong>Particuli\u00e8rement recommand\u00e9 pour:<\/strong><br \/>\n&#8211; <span class=\"s2\"><a href=\"https:\/\/www.bleu-roy.com\/nl\/cmv-pour-une-ration-equilibree-complement-mineralo-vitamine\/\">R\u00e9\u00e9quilibrer la ration<\/a> de base (fourrages + grains).<br \/>\n<\/span>&#8211; Compenser les carences en <a href=\"https:\/\/www.bleu-roy.com\/nl\/blog-vitamines-mineraux\/\">vitamines et min\u00e9raux<\/a>.<br \/>\n<span class=\"s2\">&#8211; Renforcer l\u2019organisme et le syst\u00e8me immunitaire.<br \/>\n<\/span>&#8211; Aider \u00e0 reprendre de l\u2019\u00e9tat.<br \/>\n&#8211; Favoriser la croissance du poulain.<\/p>\n<p><strong>Les plus:<br \/>\n<\/strong>&#8211; Apporte plus de vitalit\u00e9 au quotidien.<br \/>\n&#8211; <span class=\"s2\">Convient \u00e0 tous types de chevaux.<br \/>\n<\/span>&#8211; Les chevaux le mangent tr\u00e8s bien.<\/p>\n<div class=\"page\" title=\"Page 1\">\n<div class=\"section\">\n<div class=\"layoutArea\">\n<div class=\"column\">\n<div class=\"page\" title=\"Page 1\">\n<div class=\"section\">\n<div class=\"layoutArea\">\n<div class=\"column\">\n<div class=\"page\" title=\"Page 1\">\n<div class=\"section\">\n<div class=\"layoutArea\">\n<div class=\"column\">\n<p>\ud83d\udca1 <em><strong>L&rsquo;astuce Bleu-Roy:<\/strong> <\/em>Id\u00e9al en <strong>cure de fond <\/strong>pour <a href=\"https:\/\/www.bleu-roy.com\/nl\/cmv-pour-une-ration-equilibree-complement-mineralo-vitamine\/\">r\u00e9\u00e9quilibrer la ration<\/a> de grains et compenser les <a href=\"https:\/\/www.bleu-roy.com\/nl\/cmv-pour-une-ration-equilibree-complement-mineralo-vitamine\/\">carences<\/a>, particuli\u00e8rement pour les chevaux qui re\u00e7oivent peu ou pas d&rsquo;aliments concentr\u00e9s.<\/p>\n<\/div>\n<\/div>\n<\/div>\n<\/div>\n<\/div>\n<\/div>\n<\/div>\n<\/div>\n<\/div>\n<\/div>\n<\/div>\n<\/div>","protected":false},"featured_media":13504,"comment_status":"open","ping_status":"closed","template":"","meta":[],"product_brand":[],"product_cat":[73],"product_tag":[140,139,142,138,141,137],"class_list":{"0":"post-13578","1":"product","2":"type-product","3":"status-publish","4":"has-post-thumbnail","6":"product_cat-vitamines-mineraux","7":"product_tag-carences","8":"product_tag-cmv","9":"product_tag-equilibre","10":"product_tag-mineraux","11":"product_tag-vitalite","12":"product_tag-vitamines","14":"first","15":"instock","16":"taxable","17":"shipping-taxable","18":"purchasable","19":"product-type-variable"},"_links":{"self":[{"href":"https:\/\/www.bleu-roy.com\/nl\/wp-json\/wp\/v2\/product\/13578","targetHints":{"allow":["GET"]}}],"collection":[{"href":"https:\/\/www.bleu-roy.com\/nl\/wp-json\/wp\/v2\/product"}],"about":[{"href":"https:\/\/www.bleu-roy.com\/nl\/wp-json\/wp\/v2\/types\/product"}],"replies":[{"embeddable":true,"href":"https:\/\/www.bleu-roy.com\/nl\/wp-json\/wp\/v2\/comments?post=13578"}],"wp:featuredmedia":[{"embeddable":true,"href":"https:\/\/www.bleu-roy.com\/nl\/wp-json\/wp\/v2\/media\/13504"}],"wp:attachment":[{"href":"https:\/\/www.bleu-roy.com\/nl\/wp-json\/wp\/v2\/media?parent=13578"}],"wp:term":[{"taxonomy":"product_brand","embeddable":true,"href":"https:\/\/www.bleu-roy.com\/nl\/wp-json\/wp\/v2\/product_brand?post=13578"},{"taxonomy":"product_cat","embeddable":true,"href":"https:\/\/www.bleu-roy.com\/nl\/wp-json\/wp\/v2\/product_cat?post=13578"},{"taxonomy":"product_tag","embeddable":true,"href":"https:\/\/www.bleu-roy.com\/nl\/wp-json\/wp\/v2\/product_tag?post=13578"}],"curies":[{"name":"wp","href":"https:\/\/api.w.org\/{rel}","templated":true}]}}

<p class="p1"><span class="s2">Complément en poudre <strong>minéralo-</strong></span><span class="s2"><strong>vitaminé (CMV)</strong> de haute qualité. Couvre tous les besoins en <strong>sels minéraux,<a href="https://www.bleu-roy.com/nl/blog-vitamines-mineraux/"> oligo-éléments et vitamines</a></strong> indispensables à la bonne santé des chevaux. Il <strong>rééquilibre la ration</strong> et compense les <a href="https://www.bleu-roy.com/nl/cmv-pour-une-ration-equilibree-complement-mineralo-vitamine/"><strong>carences</strong></a>. </span></p>
<p><strong>Particulièrement recommandé pour:</strong><br />
&#8211; <span class="s2"><a href="https://www.bleu-roy.com/nl/cmv-pour-une-ration-equilibree-complement-mineralo-vitamine/">Rééquilibrer la ration</a> de base (fourrages + grains).<br />
</span>&#8211; Compenser les carences en <a href="https://www.bleu-roy.com/nl/blog-vitamines-mineraux/">vitamines et minéraux</a>.<br />
<span class="s2">&#8211; Renforcer l’organisme et le système immunitaire.<br />
</span>&#8211; Aider à reprendre de l’état.<br />
&#8211; Favoriser la croissance du poulain.</p>
<p><strong>Les plus:<br />
</strong>&#8211; Apporte plus de vitalité au quotidien.<br />
&#8211; <span class="s2">Convient à tous types de chevaux.<br />
</span>&#8211; Les chevaux le mangent très bien.</p>
<div class="page" title="Page 1">
<div class="section">
<div class="layoutArea">
<div class="column">
<div class="page" title="Page 1">
<div class="section">
<div class="layoutArea">
<div class="column">
<div class="page" title="Page 1">
<div class="section">
<div class="layoutArea">
<div class="column">
<p>💡 <em><strong>L&rsquo;astuce Bleu-Roy:</strong> </em>Idéal en <strong>cure de fond </strong>pour <a href="https://www.bleu-roy.com/nl/cmv-pour-une-ration-equilibree-complement-mineralo-vitamine/">rééquilibrer la ration</a> de grains et compenser les <a href="https://www.bleu-roy.com/nl/cmv-pour-une-ration-equilibree-complement-mineralo-vitamine/">carences</a>, particulièrement pour les chevaux qui reçoivent peu ou pas d&rsquo;aliments concentrés.</p>
</div>
</div>
</div>
</div>
</div>
</div>
</div>
</div>
</div>
</div>
</div>
</div>
