{"id":13477,"date":"2025-01-18T16:13:10","date_gmt":"2025-01-18T16:13:10","guid":{"rendered":"https:\/\/bleuroy2.nelty.dev\/?post_type=product&#038;p=13477"},"modified":"2025-12-24T08:00:52","modified_gmt":"2025-12-24T08:00:52","slug":"pro-skin","status":"publish","type":"product","link":"https:\/\/www.bleu-roy.com\/nl\/product\/pro-skin\/","title":{"rendered":"Pro Skin"},"content":{"rendered":"","protected":false},"excerpt":{"rendered":"<p class=\"p1\"><span class=\"s1\">Gel <strong>apaisant<\/strong> pour la peau aux huiles essentielles de lavande, de neem et d\u2019eucalyptus.<\/span><\/p>\n<p class=\"p1\">&#8211; Soulage les d\u00e9mangeaisons, notamment pendant la p\u00e9riode estivale.<br \/>\n&#8211; Assainit et assouplit la peau.<br \/>\n&#8211; Gel adapt\u00e9 aux peaux sensibles et sujettes aux probl\u00e8mes cutan\u00e9s.<\/p>\n<p class=\"p1\"><strong>Mode d&#8217;emploi:<br \/>\n<\/strong>Appliquer g\u00e9n\u00e9reusement sur les zones concern\u00e9es et masser pour faire p\u00e9n\u00e9trer.<br \/>\n<em>En cas de gale d\u2019\u00e9t\u00e9: <\/em>Appliquer sous la queue et la crini\u00e8re, \u00e0 la base des crins.<\/p>\n<p>\ud83d\udca1\u00a0<em><strong>L\u2019astuce Bleu-Roy?<\/strong><\/em> Pour soulager les d\u00e9mangeaisons, combinez Pro Skin \u00e0 notre compl\u00e9ment <a href=\"https:\/\/www.bleu-roy.com\/nl\/product\/l-comfort\/\">L-Comfort<\/a> pour combiner action en interne et externe.<\/p>","protected":false},"featured_media":13530,"comment_status":"open","ping_status":"closed","template":"","meta":[],"product_brand":[],"product_cat":[66],"product_tag":[98,100,99,101,96],"class_list":{"0":"post-13477","1":"product","2":"type-product","3":"status-publish","4":"has-post-thumbnail","6":"product_cat-peau-crins","7":"product_tag-apaisant","8":"product_tag-demangeaisons","9":"product_tag-gale-dete","10":"product_tag-peau","11":"product_tag-tendons","13":"first","14":"instock","15":"taxable","16":"shipping-taxable","17":"purchasable","18":"product-type-simple"},"_links":{"self":[{"href":"https:\/\/www.bleu-roy.com\/nl\/wp-json\/wp\/v2\/product\/13477","targetHints":{"allow":["GET"]}}],"collection":[{"href":"https:\/\/www.bleu-roy.com\/nl\/wp-json\/wp\/v2\/product"}],"about":[{"href":"https:\/\/www.bleu-roy.com\/nl\/wp-json\/wp\/v2\/types\/product"}],"replies":[{"embeddable":true,"href":"https:\/\/www.bleu-roy.com\/nl\/wp-json\/wp\/v2\/comments?post=13477"}],"wp:featuredmedia":[{"embeddable":true,"href":"https:\/\/www.bleu-roy.com\/nl\/wp-json\/wp\/v2\/media\/13530"}],"wp:attachment":[{"href":"https:\/\/www.bleu-roy.com\/nl\/wp-json\/wp\/v2\/media?parent=13477"}],"wp:term":[{"taxonomy":"product_brand","embeddable":true,"href":"https:\/\/www.bleu-roy.com\/nl\/wp-json\/wp\/v2\/product_brand?post=13477"},{"taxonomy":"product_cat","embeddable":true,"href":"https:\/\/www.bleu-roy.com\/nl\/wp-json\/wp\/v2\/product_cat?post=13477"},{"taxonomy":"product_tag","embeddable":true,"href":"https:\/\/www.bleu-roy.com\/nl\/wp-json\/wp\/v2\/product_tag?post=13477"}],"curies":[{"name":"wp","href":"https:\/\/api.w.org\/{rel}","templated":true}]}}

<p class="p1"><span class="s1">Gel <strong>apaisant</strong> pour la peau aux huiles essentielles de lavande, de neem et d’eucalyptus.</span></p>
<p class="p1">&#8211; Soulage les démangeaisons, notamment pendant la période estivale.<br />
&#8211; Assainit et assouplit la peau.<br />
&#8211; Gel adapté aux peaux sensibles et sujettes aux problèmes cutanés.</p>
<p class="p1"><strong>Mode d&#8217;emploi:<br />
</strong>Appliquer généreusement sur les zones concernées et masser pour faire pénétrer.<br />
<em>En cas de gale d’été: </em>Appliquer sous la queue et la crinière, à la base des crins.</p>
<p>💡 <em><strong>L’astuce Bleu-Roy?</strong></em> Pour soulager les démangeaisons, combinez Pro Skin à notre complément <a href="https://www.bleu-roy.com/nl/product/l-comfort/">L-Comfort</a> pour combiner action en interne et externe.</p>
